{"id":565,"date":"2024-06-13T10:19:36","date_gmt":"2024-06-13T10:19:36","guid":{"rendered":"https:\/\/xn--kolping-theater-haselnne-gtc.de\/?page_id=565"},"modified":"2024-06-13T11:06:19","modified_gmt":"2024-06-13T11:06:19","slug":"2014-2","status":"publish","type":"page","link":"http:\/\/xn--kolping-theater-haselnne-gtc.de\/?page_id=565","title":{"rendered":"2014-2017"},"content":{"rendered":"\n<p><\/p>\n\n\n\n<p><strong><em>2017<\/em><\/strong><\/p>\n\n\n\n<p><strong>Dat H\u00f6rrohr<\/strong><\/p>\n\n\n<div class=\"wp-block-image\">\n<figure class=\"aligncenter size-large is-resized\"><img decoding=\"async\" loading=\"lazy\" width=\"1024\" height=\"578\" src=\"https:\/\/xn--kolping-theater-haselnne-gtc.de\/wp-content\/uploads\/2024\/06\/23116630_1147036702099350_1381973341770667592_o-1-1024x578.jpg\" alt=\"\" class=\"wp-image-577\" style=\"aspect-ratio:1.7716262975778547;width:310px;height:auto\" srcset=\"http:\/\/xn--kolping-theater-haselnne-gtc.de\/wp-content\/uploads\/2024\/06\/23116630_1147036702099350_1381973341770667592_o-1-1024x578.jpg 1024w, http:\/\/xn--kolping-theater-haselnne-gtc.de\/wp-content\/uploads\/2024\/06\/23116630_1147036702099350_1381973341770667592_o-1-300x169.jpg 300w, http:\/\/xn--kolping-theater-haselnne-gtc.de\/wp-content\/uploads\/2024\/06\/23116630_1147036702099350_1381973341770667592_o-1-768x434.jpg 768w, http:\/\/xn--kolping-theater-haselnne-gtc.de\/wp-content\/uploads\/2024\/06\/23116630_1147036702099350_1381973341770667592_o-1-1140x644.jpg 1140w, http:\/\/xn--kolping-theater-haselnne-gtc.de\/wp-content\/uploads\/2024\/06\/23116630_1147036702099350_1381973341770667592_o-1.jpg 1417w\" sizes=\"(max-width: 1024px) 100vw, 1024px\" \/><\/figure><\/div>\n\n<div class=\"wp-block-image\">\n<figure class=\"aligncenter size-large is-resized\"><img decoding=\"async\" loading=\"lazy\" width=\"1024\" height=\"578\" src=\"https:\/\/xn--kolping-theater-haselnne-gtc.de\/wp-content\/uploads\/2024\/06\/23116736_1147036528766034_725144777904145016_o-2-1024x578.jpg\" alt=\"\" class=\"wp-image-580\" style=\"aspect-ratio:1.7716262975778547;width:312px;height:auto\" srcset=\"http:\/\/xn--kolping-theater-haselnne-gtc.de\/wp-content\/uploads\/2024\/06\/23116736_1147036528766034_725144777904145016_o-2-1024x578.jpg 1024w, http:\/\/xn--kolping-theater-haselnne-gtc.de\/wp-content\/uploads\/2024\/06\/23116736_1147036528766034_725144777904145016_o-2-300x169.jpg 300w, http:\/\/xn--kolping-theater-haselnne-gtc.de\/wp-content\/uploads\/2024\/06\/23116736_1147036528766034_725144777904145016_o-2-768x434.jpg 768w, http:\/\/xn--kolping-theater-haselnne-gtc.de\/wp-content\/uploads\/2024\/06\/23116736_1147036528766034_725144777904145016_o-2-1140x644.jpg 1140w, http:\/\/xn--kolping-theater-haselnne-gtc.de\/wp-content\/uploads\/2024\/06\/23116736_1147036528766034_725144777904145016_o-2.jpg 1417w\" sizes=\"(max-width: 1024px) 100vw, 1024px\" \/><\/figure><\/div>\n\n<div class=\"wp-block-image\">\n<figure class=\"aligncenter size-full is-resized\"><img decoding=\"async\" loading=\"lazy\" width=\"800\" height=\"452\" src=\"https:\/\/xn--kolping-theater-haselnne-gtc.de\/wp-content\/uploads\/2024\/06\/22815154_1145083088961378_5365451395753124095_n.jpg\" alt=\"\" class=\"wp-image-581\" style=\"aspect-ratio:1.7699115044247788;width:317px;height:auto\" srcset=\"http:\/\/xn--kolping-theater-haselnne-gtc.de\/wp-content\/uploads\/2024\/06\/22815154_1145083088961378_5365451395753124095_n.jpg 800w, http:\/\/xn--kolping-theater-haselnne-gtc.de\/wp-content\/uploads\/2024\/06\/22815154_1145083088961378_5365451395753124095_n-300x170.jpg 300w, http:\/\/xn--kolping-theater-haselnne-gtc.de\/wp-content\/uploads\/2024\/06\/22815154_1145083088961378_5365451395753124095_n-768x434.jpg 768w\" sizes=\"(max-width: 800px) 100vw, 800px\" \/><\/figure><\/div>\n\n\n<p><\/p>\n\n\n\n<p><\/p>\n\n\n\n<p><strong><em>2016<\/em><\/strong><\/p>\n\n\n\n<p><strong>Leev nah St\u00fcnnenplan<\/strong><\/p>\n\n\n\n<p>Klaus Bruns ist Taxifahrer und scheinbar ein ganz normaler Mensch. Doch er hat ein ganz besonderes Geheimnis: Klaus ist &#8211; zur selben Zeit &#8211; zweimal verheiratet! In Hasel\u00fcnne fr\u00f6nt er das Familiengl\u00fcck mit Martina, in Lingen&nbsp; genie\u00dft er das Leben an der Seite von Beate. Denn nach einem genau ausgekl\u00fcgelten Stundenplan kuschelt Klaus mal mit Martina und mal mit Beate. Nur Ralf G\u00e4rtner, Klaus bester Freund, der bei ihm und Gattin Martina zur Untermiete wohnt, ist in das doppelte Spiel eingeweiht.<\/p>\n\n\n\n<p>Das geht so lange gut, bis Klaus einer \u00e4lteren Frau zu Hilfe kommen will, die von zwei R\u00fcpel \u00fcberfallen wird. Und nach einem kurzfristigen Krankenhausaufenthalt ist sein Stundenplan komplett durcheinander, und beide Frauen stellen ihre Anspr\u00fcche. Da zugleich auch zwei unterschiedlich ehrgeizige Polizisten dem armen Klaus auf die Schliche kommen, ger\u00e4t sein L\u00fcgengeb\u00e4ude ins Wanken.<\/p>\n\n\n\n<p>Da muss sein Nachbar und Freund Ralf G\u00e4rtner einspringen, der mal als schwuler Freund und mal als Bauer herhalten muss, um Klaus zu helfen. Der jagt inzwischen im Affentempo von einem Heim zum anderen. Doch schon sehr bald wei\u00df keiner mehr genau, wer jetzt wer ist und wer wann wem gegen\u00fcber welche Rolle zu spielen hat\u2026<\/p>\n\n\n\n<p>Autor des St\u00fcckes ist Ray Cooney, er wurde am 30. Mai 1932 in London geboren. Bereits mit vierzehn stand er als Schauspieler auf einer B\u00fchne seiner Heimatstadt. Inzwischen ist er einer der produktivsten und erfolgreichsten Kom\u00f6dienautoren unserer Zeit. Das Original \u201eRUN FOR YOUR WIFE\u201c wurde inzwischen in \u00fcber 40 Sprachen \u00fcbersetzt und wurde 1992 in London uraufgef\u00fchrt.<\/p>\n\n\n<div class=\"wp-block-image\">\n<figure class=\"aligncenter size-large is-resized\"><img decoding=\"async\" loading=\"lazy\" width=\"1024\" height=\"683\" src=\"https:\/\/xn--kolping-theater-haselnne-gtc.de\/wp-content\/uploads\/2024\/06\/Leev-noah-Stundenplan-Wilhelmshoehe-281-1024x683.jpg\" alt=\"\" class=\"wp-image-584\" style=\"aspect-ratio:1.5;width:312px;height:auto\" srcset=\"http:\/\/xn--kolping-theater-haselnne-gtc.de\/wp-content\/uploads\/2024\/06\/Leev-noah-Stundenplan-Wilhelmshoehe-281-1024x683.jpg 1024w, http:\/\/xn--kolping-theater-haselnne-gtc.de\/wp-content\/uploads\/2024\/06\/Leev-noah-Stundenplan-Wilhelmshoehe-281-300x200.jpg 300w, http:\/\/xn--kolping-theater-haselnne-gtc.de\/wp-content\/uploads\/2024\/06\/Leev-noah-Stundenplan-Wilhelmshoehe-281-768x512.jpg 768w, http:\/\/xn--kolping-theater-haselnne-gtc.de\/wp-content\/uploads\/2024\/06\/Leev-noah-Stundenplan-Wilhelmshoehe-281-1536x1024.jpg 1536w, http:\/\/xn--kolping-theater-haselnne-gtc.de\/wp-content\/uploads\/2024\/06\/Leev-noah-Stundenplan-Wilhelmshoehe-281-2048x1365.jpg 2048w, http:\/\/xn--kolping-theater-haselnne-gtc.de\/wp-content\/uploads\/2024\/06\/Leev-noah-Stundenplan-Wilhelmshoehe-281-1140x760.jpg 1140w\" sizes=\"(max-width: 1024px) 100vw, 1024px\" \/><\/figure><\/div>\n\n<div class=\"wp-block-image\">\n<figure class=\"aligncenter size-large is-resized\"><img decoding=\"async\" loading=\"lazy\" width=\"1024\" height=\"683\" src=\"https:\/\/xn--kolping-theater-haselnne-gtc.de\/wp-content\/uploads\/2024\/06\/Leev-noah-Stundenplan-Wilhelmshoehe-69-1024x683.jpg\" alt=\"\" class=\"wp-image-585\" style=\"aspect-ratio:1.5;width:309px;height:auto\" srcset=\"http:\/\/xn--kolping-theater-haselnne-gtc.de\/wp-content\/uploads\/2024\/06\/Leev-noah-Stundenplan-Wilhelmshoehe-69-1024x683.jpg 1024w, http:\/\/xn--kolping-theater-haselnne-gtc.de\/wp-content\/uploads\/2024\/06\/Leev-noah-Stundenplan-Wilhelmshoehe-69-300x200.jpg 300w, http:\/\/xn--kolping-theater-haselnne-gtc.de\/wp-content\/uploads\/2024\/06\/Leev-noah-Stundenplan-Wilhelmshoehe-69-768x512.jpg 768w, http:\/\/xn--kolping-theater-haselnne-gtc.de\/wp-content\/uploads\/2024\/06\/Leev-noah-Stundenplan-Wilhelmshoehe-69-1536x1024.jpg 1536w, http:\/\/xn--kolping-theater-haselnne-gtc.de\/wp-content\/uploads\/2024\/06\/Leev-noah-Stundenplan-Wilhelmshoehe-69-2048x1365.jpg 2048w, http:\/\/xn--kolping-theater-haselnne-gtc.de\/wp-content\/uploads\/2024\/06\/Leev-noah-Stundenplan-Wilhelmshoehe-69-1140x760.jpg 1140w\" sizes=\"(max-width: 1024px) 100vw, 1024px\" \/><\/figure><\/div>\n\n\n<p><\/p>\n\n\n\n<p><strong><em>2015<\/em><\/strong><\/p>\n\n\n\n<p><strong>Allens ut de Reeg<\/strong><\/p>\n\n\n\n<p>Farce von Ray Cooney. Deutsch von Nick Walsh. Niederdeutsch von Arnold Preu<strong>\u00df<\/strong> \u00a0 <em>\u00a0<\/em><\/p>\n\n\n\n<p>Gelegenheit macht Liebe, denkt sich der Ratsherr Wilms und verabredet ein stimmungsvolles Tete-a-tete mit einer Sekret\u00e4rin der Opposition in einem Hotel.<\/p>\n\n\n\n<p>In diesem Hotelzimmer treiben es die Charaktere besonders bunt, unfreiwillig, versteht sich. Verwechselungen kommen im Sekundentakt angeflogen, manchmal durch die T\u00fcr, doch meistens durchs Fenster. Und in dem steckt pl\u00f6tzlich eine Leiche.<\/p>\n\n\n\n<p>In der Kom\u00f6die \u201eAlln\u2019s ut de Reeg\u201c ger\u00e4t wirklich alles au\u00dfer Kontrolle. Es fehlt quasi der erste Akt, denn Ratsherr Wilms, wird beim Sch\u00e4ferst\u00fcndchen mit einer Sekret\u00e4rin gest\u00f6rt, von der bereits erw\u00e4hnten Leiche im Fenster.<\/p>\n\n\n\n<p>Ab da beginnen die Probleme und das Chaos, weil er spontan und aus Angst vor der Presse nicht die Polizei informiert, sondern versucht die Leiche in ein anderes Zimmer zu schaffen. Aber das Schicksal meint es nicht gut mit ihm, daf\u00fcr umso besser mit dem Publikum, das den ins Trudeln geratenen Wilms lachend begleitet bei seinen irrwitzigen und im wahrsten Sinne halsbrecherischen Versuchen, sein nicht zustande gekommenes Verh\u00e4ltnis vor seiner Ehefrau, einem misstrauischen Hoteldirektor und nicht zuletzt einem h\u00e4ufig bewusstlosen Detektiv zu verbergen.<\/p>\n\n\n\n<p>Es ist eine wahnwitzige Tour de Farce, und das, na kloar alln\u2019s up Pl\u00e4ttd\u00fctsch.<\/p>\n\n\n\n<p>\u201eAlln\u2019sut de Reeg\u201c ist ein perfekt\u00a0 konstruiertes Verwirr- und Verwicklungsspiel. Ein Mechanismus, der &#8211; einmal angesto\u00dfen &#8211; ein Eigenleben entwickelt, das unerbittlich alle Figuren mit sich rei\u00dft, und gepaart ist mit Schlagfertigkeit, Wortwitz und Situationskomik. Es ist ein indiskreter Blick ins Hotelzimmer, so unterhaltsam, dass er sogar Tote wieder aufstehen l\u00e4sst.<\/p>\n\n\n<div class=\"wp-block-image\">\n<figure class=\"aligncenter size-large is-resized\"><img decoding=\"async\" loading=\"lazy\" width=\"1024\" height=\"683\" src=\"https:\/\/xn--kolping-theater-haselnne-gtc.de\/wp-content\/uploads\/2024\/06\/IMG_3203-1024x683.jpg\" alt=\"\" class=\"wp-image-586\" style=\"aspect-ratio:1.5;width:350px;height:auto\" srcset=\"http:\/\/xn--kolping-theater-haselnne-gtc.de\/wp-content\/uploads\/2024\/06\/IMG_3203-1024x683.jpg 1024w, http:\/\/xn--kolping-theater-haselnne-gtc.de\/wp-content\/uploads\/2024\/06\/IMG_3203-300x200.jpg 300w, http:\/\/xn--kolping-theater-haselnne-gtc.de\/wp-content\/uploads\/2024\/06\/IMG_3203-768x512.jpg 768w, http:\/\/xn--kolping-theater-haselnne-gtc.de\/wp-content\/uploads\/2024\/06\/IMG_3203-1536x1024.jpg 1536w, http:\/\/xn--kolping-theater-haselnne-gtc.de\/wp-content\/uploads\/2024\/06\/IMG_3203-2048x1365.jpg 2048w, http:\/\/xn--kolping-theater-haselnne-gtc.de\/wp-content\/uploads\/2024\/06\/IMG_3203-1140x760.jpg 1140w\" sizes=\"(max-width: 1024px) 100vw, 1024px\" \/><\/figure><\/div>\n\n<div class=\"wp-block-image\">\n<figure class=\"aligncenter size-large is-resized\"><img decoding=\"async\" loading=\"lazy\" width=\"1024\" height=\"683\" src=\"https:\/\/xn--kolping-theater-haselnne-gtc.de\/wp-content\/uploads\/2024\/06\/IMG_3454-1024x683.jpg\" alt=\"\" class=\"wp-image-587\" style=\"aspect-ratio:1.5;width:349px;height:auto\" srcset=\"http:\/\/xn--kolping-theater-haselnne-gtc.de\/wp-content\/uploads\/2024\/06\/IMG_3454-1024x683.jpg 1024w, http:\/\/xn--kolping-theater-haselnne-gtc.de\/wp-content\/uploads\/2024\/06\/IMG_3454-300x200.jpg 300w, http:\/\/xn--kolping-theater-haselnne-gtc.de\/wp-content\/uploads\/2024\/06\/IMG_3454-768x512.jpg 768w, http:\/\/xn--kolping-theater-haselnne-gtc.de\/wp-content\/uploads\/2024\/06\/IMG_3454-1536x1024.jpg 1536w, http:\/\/xn--kolping-theater-haselnne-gtc.de\/wp-content\/uploads\/2024\/06\/IMG_3454-2048x1365.jpg 2048w, http:\/\/xn--kolping-theater-haselnne-gtc.de\/wp-content\/uploads\/2024\/06\/IMG_3454-1140x760.jpg 1140w\" sizes=\"(max-width: 1024px) 100vw, 1024px\" \/><\/figure><\/div>\n\n\n<p><\/p>\n\n\n\n<p><strong><em>2014<\/em><\/strong><\/p>\n\n\n\n<p><strong>Frau Pieper l\u00e4vt gef\u00e4hrlich<\/strong><\/p>\n\n\n\n<p>Die Putzfrau Erna Pieper entdeckt beim Putzen seiner B\u00fcror\u00e4ume Richard Henning mit einem Dolch im R\u00fccken. W\u00e4hrend sie die Kriminalpolizei anruft, verschwindet der vermeintlich Tote vom Fundort, um in einem anderen B\u00fcro wieder aufzutauchen. Als die Polizei eintrifft, ist er gar nicht mehr zu finden und schlie\u00dflich erscheint er lebendig und unverletzt in seinem B\u00fcro. Alles deutet darauf hin, das Erna, die mit einem Trinker verheiratet ist und, wie sie bereitwillig zugibt, auch selbst gern mal ein Gl\u00e4schen zu sich nimmt, eine Halluzination hatte oder sich nur wichtig machen wollte. Hauptkommissar Brockmann ist froh dar\u00fcber, dass er sich mit dieser Geschichte nicht weiter besch\u00e4ftigen muss. Er m\u00f6chte seine Grippe auskurieren und au\u00dferdem ist es ihm peinlich, dass Erna ihn sofort als Nachbarjungen von fr\u00fcher wiedererkannt hat, mit dem sie einige Erlebnisse hatte, an die der seri\u00f6se Kommissar, noch dazu in Gegenwart seines Untergebenen, ungern erinnert wird. Erna holt Willi Brockmann aber noch einmal aus dem Krankenbett, nachdem in einem anderen Stadtteil ein Toter entdeckt worden ist, den sie mit der mysteri\u00f6sen Geschichte in Herrn Hennigs B\u00fcro in Verbindung bringt. Ihre Beweisst\u00fccke verschwinden auf geheimnisvolle Weise. Trotzdem f\u00fchrt Erna den Kommissar auf die richtige Spur. Ihr Versuch, dem T\u00e4ter das Gest\u00e4ndnis zu entlocken, bringt die Detektivin jedoch in Lebensgefahr.<\/p>\n\n\n<div class=\"wp-block-image\">\n<figure class=\"aligncenter size-large is-resized\"><img decoding=\"async\" loading=\"lazy\" width=\"1024\" height=\"686\" src=\"https:\/\/xn--kolping-theater-haselnne-gtc.de\/wp-content\/uploads\/2024\/06\/IMG_1096-1024x686.jpg\" alt=\"\" class=\"wp-image-588\" style=\"aspect-ratio:1.4933887419720437;width:348px;height:auto\" srcset=\"http:\/\/xn--kolping-theater-haselnne-gtc.de\/wp-content\/uploads\/2024\/06\/IMG_1096-1024x686.jpg 1024w, http:\/\/xn--kolping-theater-haselnne-gtc.de\/wp-content\/uploads\/2024\/06\/IMG_1096-300x201.jpg 300w, http:\/\/xn--kolping-theater-haselnne-gtc.de\/wp-content\/uploads\/2024\/06\/IMG_1096-768x514.jpg 768w, http:\/\/xn--kolping-theater-haselnne-gtc.de\/wp-content\/uploads\/2024\/06\/IMG_1096-1536x1029.jpg 1536w, http:\/\/xn--kolping-theater-haselnne-gtc.de\/wp-content\/uploads\/2024\/06\/IMG_1096-2048x1371.jpg 2048w, http:\/\/xn--kolping-theater-haselnne-gtc.de\/wp-content\/uploads\/2024\/06\/IMG_1096-1140x763.jpg 1140w\" sizes=\"(max-width: 1024px) 100vw, 1024px\" \/><\/figure><\/div>\n\n<div class=\"wp-block-image\">\n<figure class=\"aligncenter size-large is-resized\"><img decoding=\"async\" loading=\"lazy\" width=\"1024\" height=\"502\" src=\"https:\/\/xn--kolping-theater-haselnne-gtc.de\/wp-content\/uploads\/2024\/06\/IMG_1107-1024x502.jpg\" alt=\"\" class=\"wp-image-590\" style=\"aspect-ratio:2.039015606242497;width:348px;height:auto\" srcset=\"http:\/\/xn--kolping-theater-haselnne-gtc.de\/wp-content\/uploads\/2024\/06\/IMG_1107-1024x502.jpg 1024w, http:\/\/xn--kolping-theater-haselnne-gtc.de\/wp-content\/uploads\/2024\/06\/IMG_1107-300x147.jpg 300w, http:\/\/xn--kolping-theater-haselnne-gtc.de\/wp-content\/uploads\/2024\/06\/IMG_1107-768x377.jpg 768w, http:\/\/xn--kolping-theater-haselnne-gtc.de\/wp-content\/uploads\/2024\/06\/IMG_1107-1536x753.jpg 1536w, http:\/\/xn--kolping-theater-haselnne-gtc.de\/wp-content\/uploads\/2024\/06\/IMG_1107-2048x1004.jpg 2048w, http:\/\/xn--kolping-theater-haselnne-gtc.de\/wp-content\/uploads\/2024\/06\/IMG_1107-1140x559.jpg 1140w\" sizes=\"(max-width: 1024px) 100vw, 1024px\" \/><\/figure><\/div>","protected":false},"excerpt":{"rendered":"<p>2017 Dat H\u00f6rrohr 2016 Leev nah St\u00fcnnenplan Klaus Bruns ist Taxifahrer und scheinbar ein ganz normaler Mensch. Doch er hat ein ganz besonderes Geheimnis: Klaus ist &#8211; zur selben Zeit &#8211; zweimal verheiratet! In Hasel\u00fcnne fr\u00f6nt er das Familiengl\u00fcck mit Martina, in Lingen&nbsp; genie\u00dft er das Leben an der Seite von Beate. Denn nach einem &hellip; <\/p>\n<p><a class=\"more-link btn\" href=\"http:\/\/xn--kolping-theater-haselnne-gtc.de\/?page_id=565\">Weiterlesen<\/a><\/p>\n","protected":false},"author":1,"featured_media":0,"parent":0,"menu_order":0,"comment_status":"closed","ping_status":"closed","template":"","meta":{"_price":"","_stock":"","_tribe_ticket_header":"","_tribe_default_ticket_provider":"","_tribe_ticket_capacity":"0","_ticket_start_date":"","_ticket_end_date":"","_tribe_ticket_show_description":"","_tribe_ticket_show_not_going":false,"_tribe_ticket_use_global_stock":"","_tribe_ticket_global_stock_level":"","_global_stock_mode":"","_global_stock_cap":"","_tribe_rsvp_for_event":"","_tribe_ticket_going_count":"","_tribe_ticket_not_going_count":"","_tribe_tickets_list":"[]","_tribe_ticket_has_attendee_info_fields":false,"footnotes":"","_tec_slr_enabled":"","_tec_slr_layout":""},"ticketed":false,"_links":{"self":[{"href":"http:\/\/xn--kolping-theater-haselnne-gtc.de\/index.php?rest_route=\/wp\/v2\/pages\/565"}],"collection":[{"href":"http:\/\/xn--kolping-theater-haselnne-gtc.de\/index.php?rest_route=\/wp\/v2\/pages"}],"about":[{"href":"http:\/\/xn--kolping-theater-haselnne-gtc.de\/index.php?rest_route=\/wp\/v2\/types\/page"}],"author":[{"embeddable":true,"href":"http:\/\/xn--kolping-theater-haselnne-gtc.de\/index.php?rest_route=\/wp\/v2\/users\/1"}],"replies":[{"embeddable":true,"href":"http:\/\/xn--kolping-theater-haselnne-gtc.de\/index.php?rest_route=%2Fwp%2Fv2%2Fcomments&post=565"}],"version-history":[{"count":4,"href":"http:\/\/xn--kolping-theater-haselnne-gtc.de\/index.php?rest_route=\/wp\/v2\/pages\/565\/revisions"}],"predecessor-version":[{"id":591,"href":"http:\/\/xn--kolping-theater-haselnne-gtc.de\/index.php?rest_route=\/wp\/v2\/pages\/565\/revisions\/591"}],"wp:attachment":[{"href":"http:\/\/xn--kolping-theater-haselnne-gtc.de\/index.php?rest_route=%2Fwp%2Fv2%2Fmedia&parent=565"}],"curies":[{"name":"wp","href":"https:\/\/api.w.org\/{rel}","templated":true}]}}